{"id":145,"date":"2025-10-20T07:27:38","date_gmt":"2025-10-20T07:27:38","guid":{"rendered":"https:\/\/omodajaecoonamdinh.com.vn\/?post_type=product&#038;p=145"},"modified":"2025-10-20T07:28:55","modified_gmt":"2025-10-20T07:28:55","slug":"omoda-c5-1-5t-premium","status":"publish","type":"product","link":"https:\/\/omodajaecoonamdinh.com.vn\/index.php\/san-pham\/omoda-c5-1-5t-premium\/","title":{"rendered":"OMODA C5 1.5T PREMIUM"},"content":{"rendered":"<h2><strong>OMODA C5<\/strong><\/h2>\n<div id=\"row-2131390653\" class=\"row row-small row-full-width\">\n<div id=\"col-1581340663\" class=\"col medium-6 small-6 large-3\">\n<div class=\"col-inner\">\n<div class=\"is-border\"><\/div>\n<div id=\"text-1316865352\" class=\"text\">\n<p><strong class=\"omjb\">145<\/strong><br \/>\nC\u00f4ng su\u1ea5t, m\u00e3 l\u1ef1c<\/p>\n<\/div>\n<\/div>\n<\/div>\n<div id=\"col-1884125777\" class=\"col medium-6 small-6 large-3\">\n<div class=\"col-inner\">\n<div class=\"is-border\"><\/div>\n<div id=\"text-2521751857\" class=\"text\">\n<p><strong class=\"omjb\">210<\/strong><br \/>\nM\u00f4 men xo\u1eafn, Nm<\/p>\n<\/div>\n<\/div>\n<\/div>\n<div id=\"col-1413365001\" class=\"col medium-6 small-6 large-3\">\n<div class=\"col-inner\">\n<div class=\"is-border\"><\/div>\n<div id=\"text-2329368586\" class=\"text\">\n<p><strong class=\"omjb\">9.9<\/strong><br \/>\nT\u0103ng t\u1ed1c l\u00ean 100 km\/h, gi\u00e2y<\/p>\n<\/div>\n<\/div>\n<\/div>\n<div id=\"col-927822103\" class=\"col medium-6 small-6 large-3\">\n<div class=\"col-inner\">\n<div class=\"is-border\"><\/div>\n<div id=\"text-1400093078\" class=\"text\">\n<p><strong class=\"omjb\">7.85<\/strong><br \/>\nTi\u00eau th\u1ee5 nhi\u00ean li\u1ec7u (l\/100km)<\/p>\n<\/div>\n<\/div>\n<\/div>\n<\/div>\n<div id=\"row-606373183\" class=\"row row-small row-full-width\">\n<div id=\"col-1756936137\" class=\"col medium-6 small-12 large-12\">\n<div class=\"col-inner\">\n<div id=\"text-4273529077\" class=\"text\">\n<p>L\u1ea5y c\u1ea3m h\u1ee9ng t\u1eeb tri\u1ebft l\u00fd \u201cArt In Motion\u201d, OMODA C5 l\u00e0 s\u1ef1 h\u00f2a quy\u1ec7n t\u00e1o b\u1ea1o gi\u1eefa \u00fd t\u01b0\u1edfng, m\u00e0u s\u1eafc v\u00e0 ng\u00f4n ng\u1eef thi\u1ebft k\u1ebf \u0111\u1ed9c \u0111\u00e1o. Kh\u00f4ng ch\u1ec9 d\u1eebng l\u1ea1i \u1edf t\u00ednh n\u0103ng, m\u1ed7i \u0111\u01b0\u1eddng n\u00e9t c\u1ee7a OMODA C5 \u0111\u1ec1u mang gi\u00e1 tr\u1ecb th\u1ea9m m\u1ef9 v\u01b0\u1ee3t th\u1eddi gian. Nh\u1eefng chi\u1ebfc xe \u0111\u01b0\u1ee3c ki\u1ebfn t\u1ea1o t\u1eeb t\u01b0 duy ti\u00ean phong n\u00e0y kh\u00f4ng ch\u1ec9 quy\u1ebfn r\u0169 v\u1ec1 th\u1ecb gi\u00e1c, m\u00e0 c\u00f2n kh\u01a1i d\u1eady c\u1ea3m x\u00fac khi ch\u1ea1m v\u00e0o v\u00e0 mang \u0111\u1ebfn nh\u1eefng h\u00e0nh tr\u00ecnh \u0111\u1ea7y c\u1ea3m h\u1ee9ng.<\/p>\n<\/div>\n<\/div>\n<\/div>\n<\/div>\n<h2><strong><span class=\"hahss\">Ngo\u1ea1i th\u1ea5t<\/span><\/strong><br \/>\n<span class=\"hbhss\">Omoda C5. Ch\u1ea5t ri\u00eang \u0111\u1ea7y qu\u1ea5n h\u00fat.<\/span><\/h2>\n<p><strong>Omoda C5<\/strong>\u00a0kh\u1eb3ng \u0111\u1ecbnh \u201cch\u1ea5t ri\u00eang\u201d \u0111\u1ea7y m\u1ea1nh m\u1ebd v\u00e0 cu\u1ed1n h\u00fat v\u1edbi ki\u1ec3u d\u00e1ng th\u1ec3 thao, \u0111\u01b0\u1eddng n\u00e9t s\u1eafc s\u1ea3o t\u1eeb m\u1eb7t ca l\u0103ng ho\u1ea1 ti\u1ebft kim c\u01b0\u01a1ng \u0111\u1ebfn \u00e1nh \u0111\u00e8n LED quang h\u1ecdc hi\u1ec7n \u0111\u1ea1i \u0111\u1ec3 m\u1ed7i h\u00e0nh tr\u00ecnh c\u1ee7a b\u1ea1n tr\u1edf n\u00ean \u1ea5n t\u01b0\u1ee3ng h\u01a1n bao gi\u1edd h\u1ebft<\/p>\n<figure id=\"attachment_210\" class=\"wp-caption aligncenter\" aria-describedby=\"caption-attachment-210\"><img loading=\"lazy\" decoding=\"async\" class=\"size-full wp-image-210\" src=\"https:\/\/omodajaecoohcm.vn\/wp-content\/uploads\/2025\/01\/omoda-c5-ngoai-that-240110-01b.jpg\" sizes=\"auto, (max-width: 1300px) 100vw, 1300px\" srcset=\"https:\/\/omodajaecoohcm.vn\/wp-content\/uploads\/2025\/01\/omoda-c5-ngoai-that-240110-01b.jpg 1300w, https:\/\/omodajaecoohcm.vn\/wp-content\/uploads\/2025\/01\/omoda-c5-ngoai-that-240110-01b-768x432.jpg 768w, https:\/\/omodajaecoohcm.vn\/wp-content\/uploads\/2025\/01\/omoda-c5-ngoai-that-240110-01b-675x380.jpg 675w, https:\/\/omodajaecoohcm.vn\/wp-content\/uploads\/2025\/01\/omoda-c5-ngoai-that-240110-01b-1200x675.jpg 1200w\" alt=\"Ngo\u1ea1i Th\u1ea5t Omoda C5\" width=\"1300\" height=\"731\" \/><figcaption id=\"caption-attachment-210\" class=\"wp-caption-text\">Ngo\u1ea1i Th\u1ea5t Omoda C5<\/figcaption><\/figure>\n<div id=\"row-1298018526\" class=\"row row-small align-equal\">\n<div id=\"col-1861038502\" class=\"col medium-6 small-12 large-6\">\n<div class=\"col-inner\">\n<p><img decoding=\"async\" src=\"https:\/\/omodajaecoohcm.vn\/wp-content\/uploads\/2025\/01\/omoda-c5-ngoai-that-240110-02.jpg\" \/>H\u00ecnh d\u00e1ng th\u1ec3 thao, tr\u1ebb trung, \u0111\u1ea7y s\u1ee9c s\u1ed1ng<\/p>\n<\/div>\n<\/div>\n<div id=\"col-1315901287\" class=\"col medium-6 small-12 large-6\">\n<div class=\"col-inner\">\n<p><img decoding=\"async\" src=\"https:\/\/omodajaecoohcm.vn\/wp-content\/uploads\/2025\/01\/omoda-c5-ngoai-that-240110-03.jpg\" \/><br \/>\n\u0110u\u00f4i xe ki\u1ec3u thi\u1ebft k\u1ebf Fastback n\u0103ng \u0111\u1ed9ng k\u1ebft h\u1ee3p c\u00f9ng c\u00e1nh l\u01b0\u1edbt gi\u00f3 th\u1ec3 thao.<\/p>\n<\/div>\n<\/div>\n<\/div>\n<div id=\"row-1025815244\" class=\"row row-small align-equal\">\n<div id=\"col-1845502991\" class=\"col medium-6 small-12 large-6\">\n<div class=\"col-inner\">\n<p><img decoding=\"async\" src=\"https:\/\/omodajaecoohcm.vn\/wp-content\/uploads\/2025\/01\/omoda-c5-ngoai-that-240110-04.jpg\" \/><\/p>\n<p>M\u1eb7t ca l\u0103ng h\u1ecda ti\u1ebft kim c\u01b0\u01a1ng, phong c\u00e1ch t\u01b0\u01a1ng lai<\/p>\n<\/div>\n<\/div>\n<div id=\"col-1782008354\" class=\"col medium-6 small-12 large-6\">\n<div class=\"col-inner\">\n<p><img decoding=\"async\" src=\"https:\/\/omodajaecoohcm.vn\/wp-content\/uploads\/2025\/01\/omoda-c5-ngoai-that-240110-05.jpg\" \/><\/p>\n<p>M\u00e2m xe 18 inches thi\u1ebft k\u1ebf 2 m\u00e0u t\u01b0\u01a1ng ph\u1ea3n th\u1ec3 thao<\/p>\n<\/div>\n<\/div>\n<div id=\"col-1785907017\" class=\"col medium-6 small-12 large-6\">\n<div class=\"col-inner\">\n<p><img decoding=\"async\" src=\"https:\/\/omodajaecoohcm.vn\/wp-content\/uploads\/2025\/01\/omoda-c5-ngoai-that-240110-06.jpg\" \/><\/p>\n<p>\u0110\u00e8n h\u1eadu LED hi\u1ec7u \u1ee9ng piano 3 chi\u1ec1u m\u1ea1nh m\u1ebd.<\/p>\n<\/div>\n<\/div>\n<div id=\"col-1353692826\" class=\"col medium-6 small-12 large-6\">\n<div class=\"col-inner\">\n<p><img decoding=\"async\" src=\"https:\/\/omodajaecoohcm.vn\/wp-content\/uploads\/2025\/01\/omoda-c5-ngoai-that-240110-07.jpg\" \/><\/p>\n<p>C\u1ee5m \u0111\u00e8n tr\u01b0\u1edbc Full LED, n\u1ed5i b\u1eadt v\u1edbi \u0111\u00e8n ban ng\u00e0y thi\u1ebft k\u1ebf ch\u1eef T<\/p>\n<\/div>\n<\/div>\n<\/div>\n<h3><strong><span class=\"hahss\">N\u1ed9i th\u1ea5t<\/span><\/strong><br \/>\n<span class=\"hbhss\">Omoda C5 \u2013 C\u1ea3m nh\u1eadn s\u1ef1 sang tr\u1ecdng trong t\u1eebng chi ti\u1ebft<\/span><\/h3>\n<p>Omoda C5\u00a0s\u1edf h\u1eefu khoang l\u00e1i r\u1ed9ng r\u00e3i c\u00f9ng nh\u1eefng ti\u1ec7n \u00edch ti\u00ean ti\u1ebfn h\u00e0ng \u0111\u1ea7u cho b\u1ea1n tr\u1ea3i nghi\u1ec7m \u0111\u1ea7y ph\u1ea5n kh\u00edch tr\u00ean m\u1ecdi h\u00e0nh tr\u00ecnh. H\u00e0ng gh\u1ebf tr\u01b0\u1edbc \u0111\u01b0\u1ee3c thi\u1ebft k\u1ebf ki\u1ec3u th\u1ec3 thao \u2013 v\u1edbi t\u1ef1a \u0111\u1ea7u li\u1ec1n, \u0111\u1ec7m gh\u1ebf n\u00e2ng, da b\u1ecdc gh\u1ebf ch\u1ea5t l\u01b0\u1ee3ng cao, kh\u00f4ng ch\u1ec9 mang \u0111\u1ebfn d\u00e1ng v\u1ebb th\u1ec3 thao m\u00e0 c\u00f2n \u0111\u1ea3m b\u1ea3o s\u1ef1 tho\u1ea3i m\u00e1i v\u00e0 n\u00e2ng \u0111\u1ee1 ho\u00e0n h\u1ea3o cho c\u01a1 th\u1ec3.<\/p>\n<p><img loading=\"lazy\" decoding=\"async\" class=\"size-full wp-image-217\" src=\"https:\/\/omodajaecoohcm.vn\/wp-content\/uploads\/2025\/01\/omoda-c5-noi-that-240110-21.jpg\" sizes=\"auto, (max-width: 1300px) 100vw, 1300px\" srcset=\"https:\/\/omodajaecoohcm.vn\/wp-content\/uploads\/2025\/01\/omoda-c5-noi-that-240110-21.jpg 1300w, https:\/\/omodajaecoohcm.vn\/wp-content\/uploads\/2025\/01\/omoda-c5-noi-that-240110-21-768x432.jpg 768w, https:\/\/omodajaecoohcm.vn\/wp-content\/uploads\/2025\/01\/omoda-c5-noi-that-240110-21-675x380.jpg 675w, https:\/\/omodajaecoohcm.vn\/wp-content\/uploads\/2025\/01\/omoda-c5-noi-that-240110-21-1200x675.jpg 1200w\" alt=\"N\u1ed9i Th\u1ea5t Omoda C5\" width=\"1300\" height=\"731\" \/><\/p>\n<p>N\u1ed9i th\u1ea5t Omoda C5<\/p>\n<div id=\"row-1466033163\" class=\"row row-small align-equal\">\n<div id=\"col-460399831\" class=\"col medium-6 small-12 large-6\">\n<div class=\"col-inner\">\n<p><img decoding=\"async\" src=\"https:\/\/omodajaecoohcm.vn\/wp-content\/uploads\/2025\/01\/omoda-c5-noi-that-240110-22.jpg\" \/><\/p>\n<p>Gh\u1ebf th\u1ec3 thao ch\u1ec9nh \u0111i\u1ec7n + l\u00e0m m\u00e1t gh\u1ebf v\u00e0 s\u01b0\u1edfi gh\u1ebf<\/p>\n<\/div>\n<\/div>\n<div id=\"col-1341360550\" class=\"col medium-6 small-12 large-6\">\n<div class=\"col-inner\">\n<p><img decoding=\"async\" src=\"https:\/\/omodajaecoohcm.vn\/wp-content\/uploads\/2025\/01\/omoda-c5-noi-that-240110-25.jpg\" \/><\/p>\n<p>H\u1ec7 th\u1ed1ng \u0111\u00e8n n\u1ed9i th\u1ea5t 64 m\u00e0u, bi\u1ebfn \u0111\u1ed5i theo giai \u0111i\u1ec7u<\/p>\n<\/div>\n<\/div>\n<div id=\"col-332959948\" class=\"col medium-6 small-12 large-6\">\n<div class=\"col-inner\">\n<p><img decoding=\"async\" src=\"https:\/\/omodajaecoohcm.vn\/wp-content\/uploads\/2025\/01\/omoda-c5-noi-that-240110-23.jpg\" \/><\/p>\n<p>M\u00e0n h\u00ecnh k\u00e9p 10.25 inch. K\u1ebft n\u1ed1i Apple Carplay kh\u00f4ng d\u00e2y\/ Android Auto<\/p>\n<\/div>\n<\/div>\n<div id=\"col-1388994915\" class=\"col medium-6 small-12 large-6\">\n<div class=\"col-inner\">\n<p><img decoding=\"async\" src=\"https:\/\/omodajaecoohcm.vn\/wp-content\/uploads\/2025\/01\/omoda-c5-noi-that-240110-24.jpg\" \/><\/p>\n<p>Khoang n\u1ed9i th\u1ea5t r\u1ed9ng r\u00e3i, \u0111\u00e1p \u1ee9ng tho\u1ea3i m\u00e1i cho 5 ng\u01b0\u1eddi l\u1edbn<\/p>\n<\/div>\n<\/div>\n<\/div>\n<h2><strong><span class=\"hahss\">C\u00f4ng ngh\u1ec7<\/span><\/strong><br \/>\n<span class=\"hbhss\">Omoda C5 \u2013 D\u1eabn \u0111\u1ea7u c\u00f4ng ngh\u1ec7 \u0111\u00f3n \u0111\u1ea7u t\u01b0\u01a1ng lai<\/span><\/h2>\n<p>N\u1ed9i th\u1ea5t Omoda C5 l\u00e0 m\u1ed9t kh\u00f4ng gian c\u00f4ng ngh\u1ec7 s\u1ed1 hi\u1ec7n \u0111\u1ea1i v\u1edbi m\u00e0n h\u00ecnh k\u00e9p 10,25 inch \u0111\u1ed9 ph\u00e2n gi\u1ea3i cao, \u0111\u00e8n n\u1ed9i th\u1ea5t nhi\u1ec1u m\u00e0u s\u1eafc, c\u00f9ng h\u1ec7 th\u1ed1ng \u00e2m thanh ch\u1ea5t l\u01b0\u1ee3ng cao. B\u00ean c\u1ea1nh \u0111\u00f3, t\u00ednh n\u0103ng s\u1ea1c kh\u00f4ng d\u00e2y ti\u1ec7n l\u1ee3i v\u00e0 nhi\u1ec1u ti\u1ec7n \u00edch kh\u00e1c s\u1ebd mang \u0111\u1ebfn cho b\u1ea1n nh\u1eefng tr\u1ea3i nghi\u1ec7m l\u00e1i xe ho\u00e0n to\u00e0n m\u1edbi.<\/p>\n<p><img decoding=\"async\" src=\"https:\/\/omodajaecoohcm.vn\/wp-content\/uploads\/2025\/01\/omoda-c5-c-n-240110-31.jpg\" \/><\/p>\n<p>M\u00e0n h\u00ecnh k\u00e9p 10,25 inch<\/p>\n<div id=\"row-1220675363\" class=\"row row-small align-equal\">\n<div id=\"col-1539848251\" class=\"col medium-6 small-12 large-6\">\n<div class=\"col-inner\">\n<p><img decoding=\"async\" src=\"https:\/\/omodajaecoohcm.vn\/wp-content\/uploads\/2025\/01\/omoda-c5-c-n-240110-38.jpg\" \/><\/p>\n<p>Ra l\u1ec7nh gi\u1ecdng n\u00f3i th\u00f4ng minh (h\u1ec7 th\u1ed1ng nh\u1eadn d\u1ea1ng gi\u1ecdng n\u00f3i, \u0111i\u1ec1u khi\u1ec3n \u0111a ph\u01b0\u01a1ng ti\u1ec7n, \u0111i\u1ec1u h\u00f2a v\u00e0 c\u00e1c ti\u1ec7n \u00edch tr\u00ean xe m\u1ed9t c\u00e1ch d\u1ec5 d\u00e0ng, nhanh ch\u00f3ng)<\/p>\n<\/div>\n<\/div>\n<div id=\"col-95359938\" class=\"col medium-6 small-12 large-6\">\n<div class=\"col-inner\">\n<p><img decoding=\"async\" src=\"https:\/\/omodajaecoohcm.vn\/wp-content\/uploads\/2025\/01\/omoda-c5-c-n-240110-37.jpg\" \/><\/p>\n<p>B\u1ea3ng \u0111i\u1ec1u khi\u1ec3n \u0111i\u1ec1u ho\u00e0 c\u1ea3m \u1ee9ng v\u00e0 h\u1ec7 th\u1ed1ng \u0111\u00e8n trang tr\u00ed n\u1ed9i th\u1ea5t \u0111a s\u1eafc (64 m\u00e0u) nh\u1ea5p nh\u00e1y theo nh\u1ea1c<\/p>\n<\/div>\n<\/div>\n<div id=\"col-1167655420\" class=\"col medium-6 small-12 large-6\">\n<div class=\"col-inner\">\n<p><img decoding=\"async\" src=\"https:\/\/omodajaecoohcm.vn\/wp-content\/uploads\/2025\/01\/omoda-c5-c-n-240110-36.jpg\" \/><\/p>\n<p>8 loa cao c\u1ea5p Sony<\/p>\n<\/div>\n<\/div>\n<div id=\"col-1940338160\" class=\"col medium-6 small-12 large-6\">\n<div class=\"col-inner\">\n<p><img decoding=\"async\" src=\"https:\/\/omodajaecoohcm.vn\/wp-content\/uploads\/2025\/01\/omoda-c5-c-n-240110-35.jpg\" \/><\/p>\n<p>H\u1ec7 th\u1ed1ng Camera 360\u00b0 th\u00f4ng minh<\/p>\n<\/div>\n<\/div>\n<div id=\"col-1788028303\" class=\"col medium-6 small-12 large-6\">\n<div class=\"col-inner\">\n<p><img decoding=\"async\" src=\"https:\/\/omodajaecoohcm.vn\/wp-content\/uploads\/2025\/01\/omoda-c5-c-n-240110-34.jpg\" \/><\/p>\n<p>G\u01b0\u01a1ng g\u1eadp t\u1ef1 \u0111\u1ed9ng + s\u1ea5y g\u01b0\u01a1ng<\/p>\n<\/div>\n<\/div>\n<div id=\"col-986283807\" class=\"col medium-6 small-12 large-6\">\n<div class=\"col-inner\">\n<p><img decoding=\"async\" src=\"https:\/\/omodajaecoohcm.vn\/wp-content\/uploads\/2025\/01\/omoda-c5-c-n-240110-33.jpg\" \/><\/p>\n<p>S\u1ea1c \u0111i\u1ec7n tho\u1ea1i kh\u00f4ng d\u00e2y: 50W<\/p>\n<\/div>\n<\/div>\n<\/div>\n<h3><strong><span class=\"hahss\">V\u1eadn h\u00e0nh<\/span><\/strong><br \/>\n<span class=\"hbhss\">Omoda C5 \u2013 V\u1eadn h\u00e0nh m\u1ea1nh m\u1ebd<\/span><\/h3>\n<p>B\u1ed9 \u0111\u00f4i \u0111\u1ed9ng c\u01a1 1.5 Turbo v\u00e0 h\u1ed9p s\u1ed1 CVT mang l\u1ea1i kh\u1ea3 n\u0103ng v\u1eadn h\u00e0nh v\u01b0\u1ee3t tr\u1ed9i v\u00e0 s\u1ef1 tho\u1ea3i m\u00e1i khi l\u00e1i xe. \u0110\u1ed9ng c\u01a1 kh\u00f4ng ch\u1ec9 \u0111\u01b0\u1ee3c k\u1ebft h\u1ee3p v\u1edbi h\u1ed9p s\u1ed1 b\u1ec1n b\u1ec9 v\u00e0 \u0111\u00e1ng tin c\u1eady, m\u00e0 c\u00f2n \u0111\u01b0\u1ee3c trang b\u1ecb b\u1ed9 t\u0103ng \u00e1p Honeywell v\u00e0 c\u00f4ng ngh\u1ec7 DVVT.<\/p>\n<p><img loading=\"lazy\" decoding=\"async\" class=\"alignnone size-full wp-image-232\" src=\"https:\/\/omodajaecoohcm.vn\/wp-content\/uploads\/2025\/01\/omoda-c5-d-c-240110-41b.jpg\" sizes=\"auto, (max-width: 1300px) 100vw, 1300px\" srcset=\"https:\/\/omodajaecoohcm.vn\/wp-content\/uploads\/2025\/01\/omoda-c5-d-c-240110-41b.jpg 1300w, https:\/\/omodajaecoohcm.vn\/wp-content\/uploads\/2025\/01\/omoda-c5-d-c-240110-41b-768x432.jpg 768w, https:\/\/omodajaecoohcm.vn\/wp-content\/uploads\/2025\/01\/omoda-c5-d-c-240110-41b-675x380.jpg 675w, https:\/\/omodajaecoohcm.vn\/wp-content\/uploads\/2025\/01\/omoda-c5-d-c-240110-41b-1200x675.jpg 1200w\" alt=\"\" width=\"1300\" height=\"731\" \/><\/p>\n<div id=\"gap-1666140505\" class=\"gap-element clearfix\"><\/div>\n<h3><strong><span class=\"hahss\">An to\u00e0n<\/span><\/strong><br \/>\n<strong><span class=\"hbhss\">Omoda C5. Ch\u1ea5t l\u01b0\u1ee3ng ti\u00eau chu\u1ea9n Ch\u00e2u \u00c2u.<\/span><\/strong><\/h3>\n<p><img decoding=\"async\" src=\"https:\/\/omodajaecoohcm.vn\/wp-content\/uploads\/2025\/01\/omoda-c5-a-t-240110-55.jpg\" \/><\/p>\n<div id=\"row-895675902\" class=\"row row-small align-equal\">\n<div id=\"col-1272594792\" class=\"col medium-4 small-12 large-4\">\n<div class=\"col-inner\">\n<p><img decoding=\"async\" src=\"https:\/\/omodajaecoohcm.vn\/wp-content\/uploads\/2025\/01\/omoda-c5-a-t-240110-51b.jpg\" \/><\/p>\n<p>Th\u00e2n xe b\u1eb1ng th\u00e9p c\u01b0\u1eddng l\u1ef1c l\u00ean t\u1edbi 78% \u0111\u01b0\u1ee3c thi\u1ebft k\u1ebf \u0111\u1ec3 ch\u1ecbu \u0111\u01b0\u1ee3c \u00e1p su\u1ea5t l\u00ean t\u1edbi 800Mpa<\/p>\n<\/div>\n<\/div>\n<div id=\"col-1596038421\" class=\"col medium-4 small-12 large-4\">\n<div class=\"col-inner\">\n<p><img decoding=\"async\" src=\"https:\/\/omodajaecoohcm.vn\/wp-content\/uploads\/2025\/01\/omoda-c5-a-t-240110-52b.jpg\" \/><\/p>\n<p>An to\u00e0n h\u01a1n c\u00f9ng v\u1edbi 6 t\u00fai kh\u00ed<\/p>\n<\/div>\n<\/div>\n<div id=\"col-939399255\" class=\"col medium-4 small-12 large-4\">\n<div class=\"col-inner\">\n<p><img decoding=\"async\" src=\"https:\/\/omodajaecoohcm.vn\/wp-content\/uploads\/2025\/01\/omoda-c5-a-t-240110-58.jpg\" \/><\/p>\n<p>H\u1ec7 th\u1ed1ng h\u1ed7 tr\u1ee3 l\u00e1i xe an to\u00e0n n\u00e2ng cao v\u1edbi 16 t\u00ednh n\u0103ng ADAS<\/p>\n<\/div>\n<\/div>\n<\/div>\n<h3><strong><span class=\"hahss\">Th\u00f4ng s\u1ed1 k\u1ef9 thu\u1eadt<\/span><\/strong><br \/>\n<strong><span class=\"hbhss\">Omoda C5<\/span><\/strong><\/h3>\n<p><a href=\"https:\/\/omodajaecoohcm.vn\/wp-content\/uploads\/2025\/04\/Catalog_Omoda-C5_Update-2603_page-0002-scaled.jpg\"><img loading=\"lazy\" decoding=\"async\" class=\"aligncenter size-full wp-image-1019\" src=\"https:\/\/omodajaecoohcm.vn\/wp-content\/uploads\/2025\/04\/Catalog_Omoda-C5_Update-2603_page-0002-scaled.jpg\" sizes=\"auto, (max-width: 1810px) 100vw, 1810px\" srcset=\"https:\/\/omodajaecoohcm.vn\/wp-content\/uploads\/2025\/04\/Catalog_Omoda-C5_Update-2603_page-0002-scaled.jpg 1810w, https:\/\/omodajaecoohcm.vn\/wp-content\/uploads\/2025\/04\/Catalog_Omoda-C5_Update-2603_page-0002-768x1086.jpg 768w\" alt=\"\" width=\"1810\" height=\"2560\" \/><\/a><\/p>\n<h3><strong><span class=\"hahss\">Th\u01b0 vi\u1ec7n \u1ea3nh<\/span><\/strong><br \/>\n<strong><span class=\"hbhss\">Omoda C5<\/span><\/strong><\/h3>\n<div id=\"image_815113232\" class=\"img has-hover x md-x lg-x y md-y lg-y\">\n<div class=\"img-inner dark\"><img loading=\"lazy\" decoding=\"async\" class=\"attachment-large size-large\" src=\"https:\/\/omodajaecoohcm.vn\/wp-content\/uploads\/2025\/01\/Catalog_Omoda-C5_Update-2603_page-0003.jpg\" alt=\"\" width=\"8750\" height=\"6188\" \/><\/div>\n<\/div>\n<div id=\"image_325310819\" class=\"img has-hover x md-x lg-x y md-y lg-y\">\n<div class=\"img-inner dark\"><img loading=\"lazy\" decoding=\"async\" class=\"attachment-large size-large\" src=\"https:\/\/omodajaecoohcm.vn\/wp-content\/uploads\/2025\/01\/Catalog_Omoda-C5_Update-2603_page-0001-scaled.jpg\" sizes=\"auto, (max-width: 1810px) 100vw, 1810px\" srcset=\"https:\/\/omodajaecoohcm.vn\/wp-content\/uploads\/2025\/01\/Catalog_Omoda-C5_Update-2603_page-0001-scaled.jpg 1810w, https:\/\/omodajaecoohcm.vn\/wp-content\/uploads\/2025\/01\/Catalog_Omoda-C5_Update-2603_page-0001-768x1086.jpg 768w\" alt=\"\" width=\"1810\" height=\"2560\" \/><\/div>\n<\/div>\n","protected":false},"excerpt":{"rendered":"<table>\n<thead>\n<tr>\n<td>M\u1eaaU XE<\/td>\n<td>GI\u00c1 XE<\/td>\n<\/tr>\n<\/thead>\n<tbody>\n<tr>\n<td>OMODA C5 1.5L LUXURY<\/td>\n<td><b>539.000.000 VN\u0110<\/b><\/td>\n<\/tr>\n<tr>\n<td>OMODA C5 1.5T PREMIUM<\/td>\n<td><b>589.000.000 VN\u0110<\/b><\/td>\n<\/tr>\n<tr>\n<td>OMODA C5 1.5T FLAGSHIP<\/td>\n<td><b>669.000.000 VN\u0110<\/b><\/td>\n<\/tr>\n<\/tbody>\n<\/table>\n","protected":false},"featured_media":92,"comment_status":"closed","ping_status":"closed","template":"","meta":[],"product_brand":[],"product_cat":[18],"product_tag":[],"class_list":{"0":"post-145","1":"product","2":"type-product","3":"status-publish","4":"has-post-thumbnail","6":"product_cat-omoda-c5","8":"first","9":"instock","10":"shipping-taxable","11":"purchasable","12":"product-type-simple"},"_links":{"self":[{"href":"https:\/\/omodajaecoonamdinh.com.vn\/index.php\/wp-json\/wp\/v2\/product\/145","targetHints":{"allow":["GET"]}}],"collection":[{"href":"https:\/\/omodajaecoonamdinh.com.vn\/index.php\/wp-json\/wp\/v2\/product"}],"about":[{"href":"https:\/\/omodajaecoonamdinh.com.vn\/index.php\/wp-json\/wp\/v2\/types\/product"}],"replies":[{"embeddable":true,"href":"https:\/\/omodajaecoonamdinh.com.vn\/index.php\/wp-json\/wp\/v2\/comments?post=145"}],"wp:featuredmedia":[{"embeddable":true,"href":"https:\/\/omodajaecoonamdinh.com.vn\/index.php\/wp-json\/wp\/v2\/media\/92"}],"wp:attachment":[{"href":"https:\/\/omodajaecoonamdinh.com.vn\/index.php\/wp-json\/wp\/v2\/media?parent=145"}],"wp:term":[{"taxonomy":"product_brand","embeddable":true,"href":"https:\/\/omodajaecoonamdinh.com.vn\/index.php\/wp-json\/wp\/v2\/product_brand?post=145"},{"taxonomy":"product_cat","embeddable":true,"href":"https:\/\/omodajaecoonamdinh.com.vn\/index.php\/wp-json\/wp\/v2\/product_cat?post=145"},{"taxonomy":"product_tag","embeddable":true,"href":"https:\/\/omodajaecoonamdinh.com.vn\/index.php\/wp-json\/wp\/v2\/product_tag?post=145"}],"curies":[{"name":"wp","href":"https:\/\/api.w.org\/{rel}","templated":true}]}}